{"id":260,"date":"2023-06-04T07:37:27","date_gmt":"2023-06-04T05:37:27","guid":{"rendered":"https:\/\/vivre-la-vie.ch\/?post_type=mphb_room_type&#038;p=260"},"modified":"2024-03-15T19:17:11","modified_gmt":"2024-03-15T18:17:11","slug":"chambre2","status":"publish","type":"mphb_room_type","link":"https:\/\/vivre-la-vie.ch\/fr\/accommodation\/chambre2\/","title":{"rendered":"La belle Lune"},"content":{"rendered":"","protected":false},"excerpt":{"rendered":"<p>Dans cette chambre, on peut admirer depuis le balcon la lune qui se l\u00e8ve, la chouette et les chauves-souris qui d\u00e9filent. Gr\u00e2ce au calme merveilleux, on peut d\u00e9couvrir \u00e0 quel point il est pr\u00e9cieux de laisser la nature nous parler.<br \/>\nC&rsquo;est une belle chambre en bois naturel, \u00e9quip\u00e9e d&rsquo;un lit double, de douche et WC.<\/p>\n","protected":false},"featured_media":943,"menu_order":0,"comment_status":"closed","ping_status":"closed","template":"","mphb_room_type_category":[],"mphb_room_type_tag":[],"mphb_room_type_facility":[],"class_list":["post-260","mphb_room_type","type-mphb_room_type","status-publish","has-post-thumbnail","hentry","mphb-room-type-adults-2","mphb-room-type-children-0","has-taxes-and-fees"],"yoast_head":"<!-- This site is optimized with the Yoast SEO plugin v27.5 - https:\/\/yoast.com\/product\/yoast-seo-wordpress\/ -->\n<title>La belle Lune - Lebe Dein Leben<\/title>\n<meta name=\"robots\" content=\"index, follow, max-snippet:-1, max-image-preview:large, max-video-preview:-1\" \/>\n<link rel=\"canonical\" href=\"https:\/\/vivre-la-vie.ch\/fr\/accommodation\/chambre2\/\" \/>\n<meta property=\"og:locale\" content=\"fr_FR\" \/>\n<meta property=\"og:type\" content=\"article\" \/>\n<meta property=\"og:title\" content=\"La belle Lune - Lebe Dein Leben\" \/>\n<meta property=\"og:description\" content=\"Dans cette chambre, on peut admirer depuis le balcon la lune qui se l\u00e8ve, la chouette et les chauves-souris qui d\u00e9filent. Gr\u00e2ce au calme merveilleux, on peut d\u00e9couvrir \u00e0 quel point il est pr\u00e9cieux de laisser la nature nous parler. C&#039;est une belle chambre en bois naturel, \u00e9quip\u00e9e d&#039;un lit double, de douche et WC.\" \/>\n<meta property=\"og:url\" content=\"https:\/\/vivre-la-vie.ch\/fr\/accommodation\/chambre2\/\" \/>\n<meta property=\"og:site_name\" content=\"Lebe Dein Leben\" \/>\n<meta property=\"article:modified_time\" content=\"2024-03-15T18:17:11+00:00\" \/>\n<meta property=\"og:image\" content=\"https:\/\/vivre-la-vie.ch\/wp-content\/uploads\/2023\/06\/WhatsApp-Bild-2024-01-24-um-09.59.21_4a2570c6.jpg\" \/>\n\t<meta property=\"og:image:width\" content=\"1024\" \/>\n\t<meta property=\"og:image:height\" content=\"768\" \/>\n\t<meta property=\"og:image:type\" content=\"image\/jpeg\" \/>\n<meta name=\"twitter:card\" content=\"summary_large_image\" \/>\n<meta name=\"twitter:label1\" content=\"Dur\u00e9e de lecture estim\u00e9e\" \/>\n\t<meta name=\"twitter:data1\" content=\"1 minute\" \/>\n<script type=\"application\/ld+json\" class=\"yoast-schema-graph\">{\"@context\":\"https:\\\/\\\/schema.org\",\"@graph\":[{\"@type\":\"WebPage\",\"@id\":\"https:\\\/\\\/vivre-la-vie.ch\\\/fr\\\/accommodation\\\/chambre2\\\/\",\"url\":\"https:\\\/\\\/vivre-la-vie.ch\\\/fr\\\/accommodation\\\/chambre2\\\/\",\"name\":\"La belle Lune - Lebe Dein Leben\",\"isPartOf\":{\"@id\":\"https:\\\/\\\/vivre-la-vie.ch\\\/fr\\\/#website\"},\"primaryImageOfPage\":{\"@id\":\"https:\\\/\\\/vivre-la-vie.ch\\\/fr\\\/accommodation\\\/chambre2\\\/#primaryimage\"},\"image\":{\"@id\":\"https:\\\/\\\/vivre-la-vie.ch\\\/fr\\\/accommodation\\\/chambre2\\\/#primaryimage\"},\"thumbnailUrl\":\"https:\\\/\\\/vivre-la-vie.ch\\\/wp-content\\\/uploads\\\/2023\\\/06\\\/WhatsApp-Bild-2024-01-24-um-09.59.21_4a2570c6.jpg\",\"datePublished\":\"2023-06-04T05:37:27+00:00\",\"dateModified\":\"2024-03-15T18:17:11+00:00\",\"breadcrumb\":{\"@id\":\"https:\\\/\\\/vivre-la-vie.ch\\\/fr\\\/accommodation\\\/chambre2\\\/#breadcrumb\"},\"inLanguage\":\"fr-FR\",\"potentialAction\":[{\"@type\":\"ReadAction\",\"target\":[\"https:\\\/\\\/vivre-la-vie.ch\\\/fr\\\/accommodation\\\/chambre2\\\/\"]}]},{\"@type\":\"ImageObject\",\"inLanguage\":\"fr-FR\",\"@id\":\"https:\\\/\\\/vivre-la-vie.ch\\\/fr\\\/accommodation\\\/chambre2\\\/#primaryimage\",\"url\":\"https:\\\/\\\/vivre-la-vie.ch\\\/wp-content\\\/uploads\\\/2023\\\/06\\\/WhatsApp-Bild-2024-01-24-um-09.59.21_4a2570c6.jpg\",\"contentUrl\":\"https:\\\/\\\/vivre-la-vie.ch\\\/wp-content\\\/uploads\\\/2023\\\/06\\\/WhatsApp-Bild-2024-01-24-um-09.59.21_4a2570c6.jpg\",\"width\":1024,\"height\":768},{\"@type\":\"BreadcrumbList\",\"@id\":\"https:\\\/\\\/vivre-la-vie.ch\\\/fr\\\/accommodation\\\/chambre2\\\/#breadcrumb\",\"itemListElement\":[{\"@type\":\"ListItem\",\"position\":1,\"name\":\"Startseite\",\"item\":\"https:\\\/\\\/vivre-la-vie.ch\\\/fr\\\/\"},{\"@type\":\"ListItem\",\"position\":2,\"name\":\"Unterkunftsarten\",\"item\":\"https:\\\/\\\/vivre-la-vie.ch\\\/fr\\\/accommodation\\\/\"},{\"@type\":\"ListItem\",\"position\":3,\"name\":\"La belle Lune\"}]},{\"@type\":\"WebSite\",\"@id\":\"https:\\\/\\\/vivre-la-vie.ch\\\/fr\\\/#website\",\"url\":\"https:\\\/\\\/vivre-la-vie.ch\\\/fr\\\/\",\"name\":\"Lebe Dein Leben\",\"description\":\"\",\"publisher\":{\"@id\":\"https:\\\/\\\/vivre-la-vie.ch\\\/fr\\\/#organization\"},\"potentialAction\":[{\"@type\":\"SearchAction\",\"target\":{\"@type\":\"EntryPoint\",\"urlTemplate\":\"https:\\\/\\\/vivre-la-vie.ch\\\/fr\\\/?s={search_term_string}\"},\"query-input\":{\"@type\":\"PropertyValueSpecification\",\"valueRequired\":true,\"valueName\":\"search_term_string\"}}],\"inLanguage\":\"fr-FR\"},{\"@type\":\"Organization\",\"@id\":\"https:\\\/\\\/vivre-la-vie.ch\\\/fr\\\/#organization\",\"name\":\"Lebe Dein Leben\",\"url\":\"https:\\\/\\\/vivre-la-vie.ch\\\/fr\\\/\",\"logo\":{\"@type\":\"ImageObject\",\"inLanguage\":\"fr-FR\",\"@id\":\"https:\\\/\\\/vivre-la-vie.ch\\\/fr\\\/#\\\/schema\\\/logo\\\/image\\\/\",\"url\":\"https:\\\/\\\/vivre-la-vie.ch\\\/wp-content\\\/uploads\\\/2023\\\/05\\\/LOGO_gefaerbt.png\",\"contentUrl\":\"https:\\\/\\\/vivre-la-vie.ch\\\/wp-content\\\/uploads\\\/2023\\\/05\\\/LOGO_gefaerbt.png\",\"width\":2745,\"height\":738,\"caption\":\"Lebe Dein Leben\"},\"image\":{\"@id\":\"https:\\\/\\\/vivre-la-vie.ch\\\/fr\\\/#\\\/schema\\\/logo\\\/image\\\/\"}}]}<\/script>\n<!-- \/ Yoast SEO plugin. -->","yoast_head_json":{"title":"La belle Lune - Lebe Dein Leben","robots":{"index":"index","follow":"follow","max-snippet":"max-snippet:-1","max-image-preview":"max-image-preview:large","max-video-preview":"max-video-preview:-1"},"canonical":"https:\/\/vivre-la-vie.ch\/fr\/accommodation\/chambre2\/","og_locale":"fr_FR","og_type":"article","og_title":"La belle Lune - Lebe Dein Leben","og_description":"Dans cette chambre, on peut admirer depuis le balcon la lune qui se l\u00e8ve, la chouette et les chauves-souris qui d\u00e9filent. Gr\u00e2ce au calme merveilleux, on peut d\u00e9couvrir \u00e0 quel point il est pr\u00e9cieux de laisser la nature nous parler. C'est une belle chambre en bois naturel, \u00e9quip\u00e9e d'un lit double, de douche et WC.","og_url":"https:\/\/vivre-la-vie.ch\/fr\/accommodation\/chambre2\/","og_site_name":"Lebe Dein Leben","article_modified_time":"2024-03-15T18:17:11+00:00","og_image":[{"width":1024,"height":768,"url":"https:\/\/vivre-la-vie.ch\/wp-content\/uploads\/2023\/06\/WhatsApp-Bild-2024-01-24-um-09.59.21_4a2570c6.jpg","type":"image\/jpeg"}],"twitter_card":"summary_large_image","twitter_misc":{"Dur\u00e9e de lecture estim\u00e9e":"1 minute"},"schema":{"@context":"https:\/\/schema.org","@graph":[{"@type":"WebPage","@id":"https:\/\/vivre-la-vie.ch\/fr\/accommodation\/chambre2\/","url":"https:\/\/vivre-la-vie.ch\/fr\/accommodation\/chambre2\/","name":"La belle Lune - Lebe Dein Leben","isPartOf":{"@id":"https:\/\/vivre-la-vie.ch\/fr\/#website"},"primaryImageOfPage":{"@id":"https:\/\/vivre-la-vie.ch\/fr\/accommodation\/chambre2\/#primaryimage"},"image":{"@id":"https:\/\/vivre-la-vie.ch\/fr\/accommodation\/chambre2\/#primaryimage"},"thumbnailUrl":"https:\/\/vivre-la-vie.ch\/wp-content\/uploads\/2023\/06\/WhatsApp-Bild-2024-01-24-um-09.59.21_4a2570c6.jpg","datePublished":"2023-06-04T05:37:27+00:00","dateModified":"2024-03-15T18:17:11+00:00","breadcrumb":{"@id":"https:\/\/vivre-la-vie.ch\/fr\/accommodation\/chambre2\/#breadcrumb"},"inLanguage":"fr-FR","potentialAction":[{"@type":"ReadAction","target":["https:\/\/vivre-la-vie.ch\/fr\/accommodation\/chambre2\/"]}]},{"@type":"ImageObject","inLanguage":"fr-FR","@id":"https:\/\/vivre-la-vie.ch\/fr\/accommodation\/chambre2\/#primaryimage","url":"https:\/\/vivre-la-vie.ch\/wp-content\/uploads\/2023\/06\/WhatsApp-Bild-2024-01-24-um-09.59.21_4a2570c6.jpg","contentUrl":"https:\/\/vivre-la-vie.ch\/wp-content\/uploads\/2023\/06\/WhatsApp-Bild-2024-01-24-um-09.59.21_4a2570c6.jpg","width":1024,"height":768},{"@type":"BreadcrumbList","@id":"https:\/\/vivre-la-vie.ch\/fr\/accommodation\/chambre2\/#breadcrumb","itemListElement":[{"@type":"ListItem","position":1,"name":"Startseite","item":"https:\/\/vivre-la-vie.ch\/fr\/"},{"@type":"ListItem","position":2,"name":"Unterkunftsarten","item":"https:\/\/vivre-la-vie.ch\/fr\/accommodation\/"},{"@type":"ListItem","position":3,"name":"La belle Lune"}]},{"@type":"WebSite","@id":"https:\/\/vivre-la-vie.ch\/fr\/#website","url":"https:\/\/vivre-la-vie.ch\/fr\/","name":"Lebe Dein Leben","description":"","publisher":{"@id":"https:\/\/vivre-la-vie.ch\/fr\/#organization"},"potentialAction":[{"@type":"SearchAction","target":{"@type":"EntryPoint","urlTemplate":"https:\/\/vivre-la-vie.ch\/fr\/?s={search_term_string}"},"query-input":{"@type":"PropertyValueSpecification","valueRequired":true,"valueName":"search_term_string"}}],"inLanguage":"fr-FR"},{"@type":"Organization","@id":"https:\/\/vivre-la-vie.ch\/fr\/#organization","name":"Lebe Dein Leben","url":"https:\/\/vivre-la-vie.ch\/fr\/","logo":{"@type":"ImageObject","inLanguage":"fr-FR","@id":"https:\/\/vivre-la-vie.ch\/fr\/#\/schema\/logo\/image\/","url":"https:\/\/vivre-la-vie.ch\/wp-content\/uploads\/2023\/05\/LOGO_gefaerbt.png","contentUrl":"https:\/\/vivre-la-vie.ch\/wp-content\/uploads\/2023\/05\/LOGO_gefaerbt.png","width":2745,"height":738,"caption":"Lebe Dein Leben"},"image":{"@id":"https:\/\/vivre-la-vie.ch\/fr\/#\/schema\/logo\/image\/"}}]}},"_links":{"self":[{"href":"https:\/\/vivre-la-vie.ch\/fr\/wp-json\/wp\/v2\/mphb_room_type\/260","targetHints":{"allow":["GET"]}}],"collection":[{"href":"https:\/\/vivre-la-vie.ch\/fr\/wp-json\/wp\/v2\/mphb_room_type"}],"about":[{"href":"https:\/\/vivre-la-vie.ch\/fr\/wp-json\/wp\/v2\/types\/mphb_room_type"}],"replies":[{"embeddable":true,"href":"https:\/\/vivre-la-vie.ch\/fr\/wp-json\/wp\/v2\/comments?post=260"}],"wp:featuredmedia":[{"embeddable":true,"href":"https:\/\/vivre-la-vie.ch\/fr\/wp-json\/wp\/v2\/media\/943"}],"wp:attachment":[{"href":"https:\/\/vivre-la-vie.ch\/fr\/wp-json\/wp\/v2\/media?parent=260"}],"wp:term":[{"taxonomy":"mphb_room_type_category","embeddable":true,"href":"https:\/\/vivre-la-vie.ch\/fr\/wp-json\/wp\/v2\/mphb_room_type_category?post=260"},{"taxonomy":"mphb_room_type_tag","embeddable":true,"href":"https:\/\/vivre-la-vie.ch\/fr\/wp-json\/wp\/v2\/mphb_room_type_tag?post=260"},{"taxonomy":"mphb_room_type_facility","embeddable":true,"href":"https:\/\/vivre-la-vie.ch\/fr\/wp-json\/wp\/v2\/mphb_room_type_facility?post=260"}],"curies":[{"name":"wp","href":"https:\/\/api.w.org\/{rel}","templated":true}]}}

<p>Dans cette chambre, on peut admirer depuis le balcon la lune qui se lève, la chouette et les chauves-souris qui défilent. Grâce au calme merveilleux, on peut découvrir à quel point il est précieux de laisser la nature nous parler.<br />
C&rsquo;est une belle chambre en bois naturel, équipée d&rsquo;un lit double, de douche et WC.</p>

<!-- This site is optimized with the Yoast SEO plugin v27.5 - https://yoast.com/product/yoast-seo-wordpress/ -->
<title>La belle Lune - Lebe Dein Leben</title>
<meta name="robots" content="index, follow, max-snippet:-1, max-image-preview:large, max-video-preview:-1" />
<link rel="canonical" href="https://vivre-la-vie.ch/fr/accommodation/chambre2/" />
<meta property="og:locale" content="fr_FR" />
<meta property="og:type" content="article" />
<meta property="og:title" content="La belle Lune - Lebe Dein Leben" />
<meta property="og:description" content="Dans cette chambre, on peut admirer depuis le balcon la lune qui se lève, la chouette et les chauves-souris qui défilent. Grâce au calme merveilleux, on peut découvrir à quel point il est précieux de laisser la nature nous parler. C&#039;est une belle chambre en bois naturel, équipée d&#039;un lit double, de douche et WC." />
<meta property="og:url" content="https://vivre-la-vie.ch/fr/accommodation/chambre2/" />
<meta property="og:site_name" content="Lebe Dein Leben" />
<meta property="article:modified_time" content="2024-03-15T18:17:11+00:00" />
<meta property="og:image" content="https://vivre-la-vie.ch/wp-content/uploads/2023/06/WhatsApp-Bild-2024-01-24-um-09.59.21_4a2570c6.jpg" />
	<meta property="og:image:width" content="1024" />
	<meta property="og:image:height" content="768" />
	<meta property="og:image:type" content="image/jpeg" />
<meta name="twitter:card" content="summary_large_image" />
<meta name="twitter:label1" content="Durée de lecture estimée" />
	<meta name="twitter:data1" content="1 minute" />
<script type="application/ld+json" class="yoast-schema-graph">{"@context":"https:\/\/schema.org","@graph":[{"@type":"WebPage","@id":"https:\/\/vivre-la-vie.ch\/fr\/accommodation\/chambre2\/","url":"https:\/\/vivre-la-vie.ch\/fr\/accommodation\/chambre2\/","name":"La belle Lune - Lebe Dein Leben","isPartOf":{"@id":"https:\/\/vivre-la-vie.ch\/fr\/#website"},"primaryImageOfPage":{"@id":"https:\/\/vivre-la-vie.ch\/fr\/accommodation\/chambre2\/#primaryimage"},"image":{"@id":"https:\/\/vivre-la-vie.ch\/fr\/accommodation\/chambre2\/#primaryimage"},"thumbnailUrl":"https:\/\/vivre-la-vie.ch\/wp-content\/uploads\/2023\/06\/WhatsApp-Bild-2024-01-24-um-09.59.21_4a2570c6.jpg","datePublished":"2023-06-04T05:37:27+00:00","dateModified":"2024-03-15T18:17:11+00:00","breadcrumb":{"@id":"https:\/\/vivre-la-vie.ch\/fr\/accommodation\/chambre2\/#breadcrumb"},"inLanguage":"fr-FR","potentialAction":[{"@type":"ReadAction","target":["https:\/\/vivre-la-vie.ch\/fr\/accommodation\/chambre2\/"]}]},{"@type":"ImageObject","inLanguage":"fr-FR","@id":"https:\/\/vivre-la-vie.ch\/fr\/accommodation\/chambre2\/#primaryimage","url":"https:\/\/vivre-la-vie.ch\/wp-content\/uploads\/2023\/06\/WhatsApp-Bild-2024-01-24-um-09.59.21_4a2570c6.jpg","contentUrl":"https:\/\/vivre-la-vie.ch\/wp-content\/uploads\/2023\/06\/WhatsApp-Bild-2024-01-24-um-09.59.21_4a2570c6.jpg","width":1024,"height":768},{"@type":"BreadcrumbList","@id":"https:\/\/vivre-la-vie.ch\/fr\/accommodation\/chambre2\/#breadcrumb","itemListElement":[{"@type":"ListItem","position":1,"name":"Startseite","item":"https:\/\/vivre-la-vie.ch\/fr\/"},{"@type":"ListItem","position":2,"name":"Unterkunftsarten","item":"https:\/\/vivre-la-vie.ch\/fr\/accommodation\/"},{"@type":"ListItem","position":3,"name":"La belle Lune"}]},{"@type":"WebSite","@id":"https:\/\/vivre-la-vie.ch\/fr\/#website","url":"https:\/\/vivre-la-vie.ch\/fr\/","name":"Lebe Dein Leben","description":"","publisher":{"@id":"https:\/\/vivre-la-vie.ch\/fr\/#organization"},"potentialAction":[{"@type":"SearchAction","target":{"@type":"EntryPoint","urlTemplate":"https:\/\/vivre-la-vie.ch\/fr\/?s={search_term_string}"},"query-input":{"@type":"PropertyValueSpecification","valueRequired":true,"valueName":"search_term_string"}}],"inLanguage":"fr-FR"},{"@type":"Organization","@id":"https:\/\/vivre-la-vie.ch\/fr\/#organization","name":"Lebe Dein Leben","url":"https:\/\/vivre-la-vie.ch\/fr\/","logo":{"@type":"ImageObject","inLanguage":"fr-FR","@id":"https:\/\/vivre-la-vie.ch\/fr\/#\/schema\/logo\/image\/","url":"https:\/\/vivre-la-vie.ch\/wp-content\/uploads\/2023\/05\/LOGO_gefaerbt.png","contentUrl":"https:\/\/vivre-la-vie.ch\/wp-content\/uploads\/2023\/05\/LOGO_gefaerbt.png","width":2745,"height":738,"caption":"Lebe Dein Leben"},"image":{"@id":"https:\/\/vivre-la-vie.ch\/fr\/#\/schema\/logo\/image\/"}}]}</script>
<!-- / Yoast SEO plugin. -->

Dans cette chambre, on peut admirer depuis le balcon la lune qui se lève, la chouette et les chauves-souris qui défilent. Grâce au calme merveilleux, on peut découvrir à quel point il est précieux de laisser la nature nous parler. C'est une belle chambre en bois naturel, équipée d'un lit double, de douche et WC.
